[INFO] cloning repository https://github.com/MrMcEpic/Rust_guessing_game
[INFO] running `Command { std: "git" "-c" "credential.helper=" "-c" "credential.helper=/workspace/cargo-home/bin/git-credential-null" "clone" "--bare" "https://github.com/MrMcEpic/Rust_guessing_game" "/workspace/cache/git-repos/https%3A%2F%2Fgithub.com%2FMrMcEpic%2FRust_guessing_game", kill_on_drop: false }`
[INFO] [stderr] Cloning into bare repository '/workspace/cache/git-repos/https%3A%2F%2Fgithub.com%2FMrMcEpic%2FRust_guessing_game'...
[INFO] running `Command { std: "git" "rev-parse" "HEAD", kill_on_drop: false }`
[INFO] [stdout] 400bca28532f56c2b34c9a0a1f132d58d20cde3d
[INFO] checking MrMcEpic/Rust_guessing_game against try#72f88fc4e9458f89516a0b8b0868f3718aec5b47 for pr-74989
[INFO] running `Command { std: "git" "clone" "/workspace/cache/git-repos/https%3A%2F%2Fgithub.com%2FMrMcEpic%2FRust_guessing_game" "/workspace/builds/worker-7/source", kill_on_drop: false }`
[INFO] [stderr] Cloning into '/workspace/builds/worker-7/source'...
[INFO] [stderr] done.
[INFO] validating manifest of git repo https://github.com/MrMcEpic/Rust_guessing_game on toolchain 72f88fc4e9458f89516a0b8b0868f3718aec5b47
[INFO] running `Command { std: "/workspace/cargo-home/bin/cargo" "+72f88fc4e9458f89516a0b8b0868f3718aec5b47" "read-manifest" "--manifest-path" "Cargo.toml", kill_on_drop: false }`
[INFO] started tweaking git repo https://github.com/MrMcEpic/Rust_guessing_game
[INFO] finished tweaking git repo https://github.com/MrMcEpic/Rust_guessing_game
[INFO] tweaked toml for git repo https://github.com/MrMcEpic/Rust_guessing_game written to /workspace/builds/worker-7/source/Cargo.toml
[INFO] crate git repo https://github.com/MrMcEpic/Rust_guessing_game already has a lockfile, it will not be regenerated
[INFO] running `Command { std: "/workspace/cargo-home/bin/cargo" "+72f88fc4e9458f89516a0b8b0868f3718aec5b47" "fetch" "--locked" "--manifest-path" "Cargo.toml", kill_on_drop: false }`
[INFO] [stderr]  Downloading crates ...
[INFO] [stderr]   Downloaded cgmath v0.16.1
[INFO] [stderr]   Downloaded wincolor v1.0.1
[INFO] [stderr]   Downloaded num-traits v0.2.6
[INFO] [stderr]   Downloaded winapi-util v0.1.1
[INFO] [stderr]   Downloaded term_size v0.3.1
[INFO] [stderr]   Downloaded libc v0.2.46
[INFO] [stderr]   Downloaded syn v0.15.24
[INFO] [stderr]   Downloaded serde v1.0.84
[INFO] [stderr]   Downloaded serde_derive v1.0.84
[INFO] [stderr]   Downloaded winconsole v0.10.0
[INFO] [stderr]   Downloaded approx v0.1.1
[INFO] [stderr]   Downloaded rgb v0.8.11
[INFO] [stderr]   Downloaded rand v0.4.4
[INFO] running `Command { std: "docker" "create" "-v" "/var/lib/crater-agent-workspace/builds/worker-7/target:/opt/rustwide/target:rw,Z" "-v" "/var/lib/crater-agent-workspace/builds/worker-7/source:/opt/rustwide/workdir:ro,Z" "-v" "/var/lib/crater-agent-workspace/cargo-home:/opt/rustwide/cargo-home:ro,Z" "-v" "/var/lib/crater-agent-workspace/rustup-home:/opt/rustwide/rustup-home:ro,Z" "-e" "SOURCE_DIR=/opt/rustwide/workdir" "-e" "CARGO_TARGET_DIR=/opt/rustwide/target" "-e" "CARGO_HOME=/opt/rustwide/cargo-home" "-e" "RUSTUP_HOME=/opt/rustwide/rustup-home" "-w" "/opt/rustwide/workdir" "-m" "1610612736" "--user" "0:0" "--network" "none" "rustops/crates-build-env@sha256:d92eaeed33fa75130ca1ee6c8a01d1ffb62bac859dfdfb3450e3e5d1c0146529" "/opt/rustwide/cargo-home/bin/cargo" "+72f88fc4e9458f89516a0b8b0868f3718aec5b47" "metadata" "--no-deps" "--format-version=1", kill_on_drop: false }`
[INFO] [stdout] df50cd099eb677ab33fd8677c65906b877805690078e4d4d9075277c57165978
[INFO] [stderr] WARNING: Your kernel does not support swap limit capabilities or the cgroup is not mounted. Memory limited without swap.
[INFO] running `Command { std: "docker" "start" "-a" "df50cd099eb677ab33fd8677c65906b877805690078e4d4d9075277c57165978", kill_on_drop: false }`
[INFO] running `Command { std: "docker" "inspect" "df50cd099eb677ab33fd8677c65906b877805690078e4d4d9075277c57165978", kill_on_drop: false }`
[INFO] running `Command { std: "docker" "rm" "-f" "df50cd099eb677ab33fd8677c65906b877805690078e4d4d9075277c57165978", kill_on_drop: false }`
[INFO] [stdout] df50cd099eb677ab33fd8677c65906b877805690078e4d4d9075277c57165978
[INFO] running `Command { std: "docker" "create" "-v" "/var/lib/crater-agent-workspace/builds/worker-7/target:/opt/rustwide/target:rw,Z" "-v" "/var/lib/crater-agent-workspace/builds/worker-7/source:/opt/rustwide/workdir:ro,Z" "-v" "/var/lib/crater-agent-workspace/cargo-home:/opt/rustwide/cargo-home:ro,Z" "-v" "/var/lib/crater-agent-workspace/rustup-home:/opt/rustwide/rustup-home:ro,Z" "-e" "SOURCE_DIR=/opt/rustwide/workdir" "-e" "CARGO_TARGET_DIR=/opt/rustwide/target" "-e" "CARGO_INCREMENTAL=0" "-e" "RUST_BACKTRACE=full" "-e" "RUSTFLAGS=--cap-lints=forbid" "-e" "CARGO_HOME=/opt/rustwide/cargo-home" "-e" "RUSTUP_HOME=/opt/rustwide/rustup-home" "-w" "/opt/rustwide/workdir" "-m" "1610612736" "--user" "0:0" "--network" "none" "rustops/crates-build-env@sha256:d92eaeed33fa75130ca1ee6c8a01d1ffb62bac859dfdfb3450e3e5d1c0146529" "/opt/rustwide/cargo-home/bin/cargo" "+72f88fc4e9458f89516a0b8b0868f3718aec5b47" "check" "--frozen" "--all" "--all-targets" "--message-format=json", kill_on_drop: false }`
[INFO] [stdout] 841af56cac35a8a9c3020bc8822701121cc4b864390a52bb5ad6d059c4960238
[INFO] [stderr] WARNING: Your kernel does not support swap limit capabilities or the cgroup is not mounted. Memory limited without swap.
[INFO] running `Command { std: "docker" "start" "-a" "841af56cac35a8a9c3020bc8822701121cc4b864390a52bb5ad6d059c4960238", kill_on_drop: false }`
[INFO] [stderr]    Compiling libc v0.2.46
[INFO] [stderr]    Compiling winapi v0.3.6
[INFO] [stderr]    Compiling serde v1.0.84
[INFO] [stderr]     Checking winapi-util v0.1.1
[INFO] [stderr]     Checking rgb v0.8.11
[INFO] [stderr]     Checking num-traits v0.1.43
[INFO] [stderr]    Compiling syn v0.15.24
[INFO] [stderr]     Checking wincolor v1.0.1
[INFO] [stderr]     Checking rand v0.4.4
[INFO] [stderr]     Checking term_size v0.3.1
[INFO] [stderr]     Checking cgmath v0.16.1
[INFO] [stderr]    Compiling serde_derive v1.0.84
[INFO] [stderr]     Checking winconsole v0.10.0
[INFO] [stderr]     Checking guessing_game v0.1.0 (/opt/rustwide/workdir)
[INFO] [stdout] error[E0432]: unresolved imports `wincolor::Console`, `wincolor::Color`, `wincolor::Intense`
[INFO] [stdout]  --> src/main.rs:6:16
[INFO] [stdout]   |
[INFO] [stdout] 6 | use wincolor::{Console, Color, Intense};
[INFO] [stdout]   |                ^^^^^^^  ^^^^^  ^^^^^^^ no `Intense` in the root
[INFO] [stdout]   |                |        |
[INFO] [stdout]   |                |        no `Color` in the root
[INFO] [stdout]   |                no `Console` in the root
[INFO] [stdout] 
[INFO] [stdout] 
[INFO] [stdout] error[E0432]: unresolved import `winconsole::console`
[INFO] [stdout]  --> src/main.rs:7:5
[INFO] [stdout]   |
[INFO] [stdout] 7 | use winconsole::console;
[INFO] [stdout]   |     ^^^^^^^^^^^^^^^^^^^ no `console` in the root
[INFO] [stdout] 
[INFO] [stdout] 
[INFO] [stdout] error: aborting due to 2 previous errors
[INFO] [stdout] 
[INFO] [stdout] 
[INFO] [stdout] For more information about this error, try `rustc --explain E0432`.
[INFO] [stdout] 
[INFO] [stdout] error[E0432]: unresolved imports `wincolor::Console`, `wincolor::Color`, `wincolor::Intense`
[INFO] [stdout]  --> src/main.rs:6:16
[INFO] [stdout]   |
[INFO] [stdout] 6 | use wincolor::{Console, Color, Intense};
[INFO] [stdout]   |                ^^^^^^^  ^^^^^  ^^^^^^^ no `Intense` in the root
[INFO] [stdout]   |                |        |
[INFO] [stdout]   |                |        no `Color` in the root
[INFO] [stdout]   |                no `Console` in the root
[INFO] [stdout] 
[INFO] [stdout] 
[INFO] [stdout] error[E0432]: unresolved import `winconsole::console`
[INFO] [stdout]  --> src/main.rs:7:5
[INFO] [stdout]   |
[INFO] [stdout] 7 | use winconsole::console;
[INFO] [stdout]   |     ^^^^^^^^^^^^^^^^^^^ no `console` in the root
[INFO] [stdout] 
[INFO] [stdout] 
[INFO] [stderr] error: could not compile `guessing_game`.
[INFO] [stderr] 
[INFO] [stderr] To learn more, run the command again with --verbose.
[INFO] [stderr] warning: build failed, waiting for other jobs to finish...
[INFO] [stdout] error: aborting due to 2 previous errors
[INFO] [stdout] 
[INFO] [stdout] 
[INFO] [stdout] For more information about this error, try `rustc --explain E0432`.
[INFO] [stdout] 
[INFO] [stderr] error: build failed
[INFO] running `Command { std: "docker" "inspect" "841af56cac35a8a9c3020bc8822701121cc4b864390a52bb5ad6d059c4960238", kill_on_drop: false }`
[INFO] running `Command { std: "docker" "rm" "-f" "841af56cac35a8a9c3020bc8822701121cc4b864390a52bb5ad6d059c4960238", kill_on_drop: false }`
[INFO] [stdout] 841af56cac35a8a9c3020bc8822701121cc4b864390a52bb5ad6d059c4960238
